rs of 3636011382.
2, 3, 1301, 465797
List the prime factors of 334928638.
2, 11, 15224029
What are the prime factors of 370524891?
3, 11, 2411, 4657
What are the prime factors of 40692517?
67, 197, 3083
What are the prime factors of 242540488?
2, 113, 268297
What are the prime factors of 49002417?
3, 1231, 4423
List the prime factors of 1360111103.
13, 1291, 81041
List the prime factors of 4044351.
3, 17, 79301
List the prime factors of 38997968.
2, 47, 51859
What are the prime factors of 120985496?
2, 15123187
List the prime factors of 54962511.
3, 29, 631753
What are the prime factors of 7691922435?
3, 5, 293, 1750153
List the prime factors of 54181019.
29, 149, 12539
What are the prime factors of 2159412150?
2, 3, 5, 7, 853, 2411
What are the prime factors of 1375780312?
2, 241, 541, 1319
List the prime factors of 201013830.
2, 3, 5, 47, 47521
List the prime factors of 396611981.
4567, 86843
List the prime factors of 2574826980.
2, 3, 5, 11, 359, 10867
What are the prime factors of 43350951?
3, 7, 19, 108649
What are the prime factors of 286220611?
13723, 20857
List the prime factors of 41436232.
2, 1117, 4637
What are the prime factors of 132673353?
3, 61, 724991
What are the prime factors of 2908111280?
2, 5, 109, 167, 1997
List the prime factors of 519472055.
5, 281, 369731
List the prime factors of 1588728929.
1588728929
List the prime factors of 158939771.
83, 173, 11069
List the prime factors of 113548154.
2, 53, 1031, 1039
What are the prime factors of 16567004?
2, 29, 251, 569
List the prime factors of 95127832.
2, 19, 32939
List the prime factors of 357198814.
2, 7, 37, 97, 7109
What are the prime factors of 323933720?
2, 5, 11, 613, 1201
List the prime factors of 2042899562.
2, 11, 331, 280541
What are the prime factors of 349677877?
349677877
List the prime factors of 133359031.
13, 79, 129853
What are the prime factors of 24998449?
7, 17, 210071
List the prime factors of 66635017.
66635017
What are the prime factors of 10338393?
3, 13, 59, 4493
List the prime factors of 2078884070.
2, 5, 163, 353, 3613
What are the prime factors of 1105423065?
3, 5, 113, 233, 311
What are the prime factors of 6706358728?
2, 18679, 44879
What are the prime factors of 8644884414?
2, 3, 197, 7313777
What are the prime factors of 1433499418?
2, 13, 55134593
List the prime factors of 1099770538.
2, 29, 18961561
What are the prime factors of 1253221222?
2, 11, 73, 281, 2777
List the prime factors of 5467577007.
3, 541, 3368809
List the prime factors of 398914635.
3, 5, 7, 59, 9199
What are the prime factors of 245213936?
2, 11, 1393261
What are the prime factors of 6379105680?
2, 3, 5, 373, 23753
List the prime factors of 16298204.
2, 13, 37, 43, 197
What are the prime factors of 6814601221?
29, 443, 530443
List the prime factors of 840975656.
2, 105121957
What are the prime factors of 88807895?
5, 11, 617, 2617
What are the prime factors of 1816246612?
2, 17, 23, 53, 21911
List the prime factors of 221310868.
2, 83, 666599
What are the prime factors of 86597870?
2, 5, 541, 16007
List the prime factors of 269142121.
569, 473009
What are the prime factors of 5784106655?
5, 179, 6462689
What are the prime factors of 31066425?
3, 5, 13, 19, 43
List the prime factors of 76854804.
2, 3, 13, 492659
What are the prime factors of 1039656821?
7, 37, 173, 23203
List the prime factors of 29983549.
29983549
List the prime factors of 119170845.
3, 5, 43, 2281
What are the prime factors of 25324968?
2, 3, 17, 62071
What are the prime factors of 1844543443?
23, 80197541
List the prime factors of 667714465.
5, 11, 2617, 4639
List the prime factors of 15471023.
107, 144589
List the prime factors of 177214510.
2, 5, 11, 53, 113, 269
List the prime factors of 1214653467.
3, 404884489
List the prime factors of 455848351.
7, 587, 110939
What are the prime factors of 62605160?
2, 5, 1565129
What are the prime factors of 235139344?
2, 11, 1336019
What are the prime factors of 3119539970?
2, 5, 191, 1633267
List the prime factors of 19324824.
2, 3, 19, 42379
What are the prime factors of 41810228?
2, 23, 29, 15671
List the prime factors of 472458044.
2, 73, 1618007
List the prime factors of 21730693.
21730693
List the prime factors of 68618393.
4357, 15749
What are the prime factors of 29874142?
2, 31, 151, 3191
List the prime factors of 1760756364.
2, 3, 48909899
What are the prime factors of 108145725?
3, 5, 367, 3929
What are the prime factors of 31497651?
3, 17, 127, 1621
What are the prime factors of 9557255?
5, 1911451
What are the prime factors of 44191754?
2, 1327, 16651
List the prime factors of 396599360.
2, 5, 29, 42737
What are the prime factors of 1228608942?
2, 3, 11, 18615287
What are the prime factors of 15410673?
3, 337, 5081
List the prime factors of 297839621.
41, 7264381
What are the prime factors of 157497394?
2, 78748697
List the prime factors of 4050205323.
3, 109, 2789, 4441
What are the prime factors of 246098284?
2, 1459, 42169
What are the prime factors of 4200690?
2, 3, 5, 13, 10771
What are the prime factors of 172947293?
73, 137, 17293
List the prime factors of 85836213.
3, 17, 43, 4349
What are the prime factors of 387965396?
2, 7, 13, 1065839
What are the prime factors of 299387063?
59, 5074357
What are the prime factors of 2157125479?
71, 97, 293, 1069
What are the prime factors of 358975587?
3, 17, 1907, 3691
List the prime factors of 179127366.
2, 3, 11, 487, 5573
List the prime factors of 114731615.
5, 22946323
List the prime factors of 867279952.
2, 7, 11, 23, 127, 241
What are the prime factors of 1646534438?
2, 823267219
What are the prime factors of 47534696?
2, 11, 540167
List the prime factors of 19830829.
19830829
What are the prime factors of 5241370?
2, 5, 557, 941
List the prime factors of 682006140.
2, 3, 5, 19, 199417
List the prime factors of 2437837971.
3, 47, 3719, 4649
What are the prime factors of 85947391?
1367, 62873
What are the prime factors of 221122812?
2, 3, 18426901
List the prime factors of 328754862.
2, 3, 2029351
List the prime factors of 430755374.
2, 7, 4395463
List the prime factors of 152445885.
3, 5, 17, 597827
What are the prime factors of 47300595?
3, 5, 19, 29, 59, 97
What are the prime factors of 62648645?
5, 12529729
List the prime factors of 4378745504.
2, 7, 19547971
What are the prime factors of 118270409?
89, 1039, 1279
List the prime factors of 179053263.
3, 79, 251833
List the prime factors of 4545690089.
43, 105713723
What are the prime factors of 215409670?
2, 5, 7, 3077281
What are the prime factors of 2848349202?
2, 3, 29, 107, 152989
What are the prime factors of 142832399?
142832399
List the prime factors of 103547842.
2, 51773921
List the prime factors of 1875874.
2, 7, 11, 13, 937
List the prime factors of 144264845.
5, 4139, 6971
What are the prime factors of 327665931?
3, 109221977
What are the prime factors of 184755816?
2, 3, 7, 13577
List the prime factors of 1289878978.
2, 17, 37, 79, 12979
List the prime factors of 227785643.
227785643
What are the prime factors of 740470424?
2, 4813, 19231
List the prime factors of 439910935.
5, 41, 1409, 1523
What are the prime factors of 791217817?
13, 19, 29, 110459
List the prime factors of 117649972.
2, 11, 1123, 2381
List the prime factors of 1698098273.
103, 1627, 10133
List the prime factors of 228393638.
2, 11, 61, 170189
List the prime factors of 20173108.
2, 5043277
What are the prime factors of 3726147954?
2, 3, 101, 6148759
What are the prime factors of 1780092281?
11, 443, 365297
List the prime factors of 998506423.
257, 1213, 3203
List the prime factors of 998254342.
2, 499127171
List the prime factors of 76665093.
3, 25555031
What are the prime factors of 33415956?
2, 3, 7, 44201
List the prime factors of 71221821.
3, 11, 2158237
What are the prime factors of 500197273?
17, 29423369
What are the prime factors of 489628666?
2, 73, 3353621
List the prime factors of 18553382.
2, 43, 215737
What are the prime factors of 14047815?
3, 5, 936521
List the prime factors of 5023401229.
7, 11, 65238977
What are the prime factors of 272843637?
3, 11, 97, 85237
What are the prime factors of 266810525?
5, 2153, 4957
What are the prime factors of 166283583?
3, 23, 2409907
What are the prime factors of 24787027?
349, 71023
What are the prime 